 what is -1 - 195797aa?
-19579800
In base 3, what is -11012002 - 100002110?
-111021112
In base 12, what is 3505 - -234ba?
26a03
In base 14, what is -d4102c9 - -5?
-d4102c4
In base 10, what is -41 + 103647?
103606
In base 15, what is d - -593972?
593980
In base 14, what is 3951c + 22aa?
3b7c8
In base 15, what is 1e57527 - -4?
1e5752b
In base 16, what is -5d3352 - 0?
-5d3352
In base 10, what is -1387448 - 212?
-1387660
In base 7, what is 3454345 - 41?
3454304
In base 2, what is 10111101 + 110111001000010000?
110111001011001101
In base 2, what is -111101101000 - 110111100100?
-1110101001100
In base 7, what is 3422 + -365?
3024
In base 8, what is 0 + 672121501?
672121501
In base 6, what is 1105552011 + -2?
1105552005
In base 3, what is 200022012201 + -11?
200022012120
In base 14, what is 1512 + -19c71?
-1875d
In base 14, what is 95 - -2a69?
2b20
In base 11, what is -4798256 - -61?
-47981a5
In base 7, what is 1021526 - -215?
1022044
In base 9, what is 63624346 - -7?
63624354
In base 15, what is 181d4 + 147?
1832b
In base 11, what is 94569660 - -4?
94569664
In base 7, what is -325133321 - -3?
-325133315
In base 3, what is -102221022112012122 + 10?
-102221022112012112
In base 7, what is -113 + 100453341?
100453225
In base 6, what is 0 + -52552420?
-52552420
In base 12, what is -2a9 + -35991?
-3607a
In base 15, what is -15494e + bb?
-154883
In base 3, what is -201 + 121110101100211?
121110101100010
In base 5, what is -411211 - -301?
-410410
In base 15, what is 0 + -e6d16?
-e6d16
In base 6, what is -3 + 333245412?
333245405
In base 14, what is 4 + -1736c15?
-1736c11
In base 12, what is 682 - -197?
859
In base 2, what is -110 - 11111111100010100110110?
-11111111100010100111100
In base 12, what is 4b2 + 1b540?
1ba32
In base 13, what is -11947a3 + -5?
-11947a8
In base 12, what is 47690 + 278?
47948
In base 12, what is 0 + -2332230?
-2332230
In base 16, what is 372 - 9fc6?
-9c54
In base 13, what is -2449a81 + -5?
-2449a86
In base 9, what is -17784641 - 6?
-17784647
In base 10, what is -3156039 - -31?
-3156008
In base 4, what is 1222110010 - -100310?
1222210320
In base 2, what is -1110111011 + -11010110100000010?
-11011000010111101
In base 15, what is 2e8a182 - 1?
2e8a181
In base 11, what is -11489155 - -1?
-11489154
In base 13, what is -67990a5 - 3?
-67990a8
In base 10, what is -36728 - -56?
-36672
In base 12, what is a53ba25a + -4?
a53ba256
In base 3, what is -202 + -111120021212220?
-111120021220122
In base 13, what is 2682bc - -289?
268578
In base 7, what is 5 - 5265131?
-5265123
In base 11, what is -191 + -10a64?
-11145
In base 11, what is -12 + -2662a88?
-2662a9a
In base 12, what is 14 - -424a63a?
424a652
In base 6, what is -252535003 - -5?
-252534554
In base 11, what is 0 - 4517045?
-4517045
In base 14, what is b - 157303?
-1572d6
In base 14, what is 803 + -dd7?
-5d4
In base 13, what is 8451976 - -4?
845197a
In base 15, what is 1e142 - -e9?
1e23b
In base 15, what is -4432c - -121?
-4420b
In base 13, what is 64c - 116c6?
-11077
In base 6, what is 504 + 3353405?
3354313
In base 3, what is -2001 - -112001011111?
112001002110
In base 3, what is 11 + -2110112022020211?
-2110112022020200
In base 3, what is 11210 - -100122200022?
100122212002
In base 13, what is 7a729c95 + 5?
7a729c9a
In base 16, what is d98f + 45?
d9d4
In base 7, what is -666 + -141025?
-142024
In base 15, what is -411ee5 - -c?
-411ed8
In base 6, what is 1325 + -2525454?
-2524125
In base 12, what is -3b74694 - -5?
-3b7468b
In base 13, what is 9 - 30cc02?
-30cbc6
In base 16, what is 4147b8 - -4?
4147bc
In base 6, what is 131 - 11442251?
-11442120
In base 6, what is -304 - -1335533?
1335225
In base 8, what is -24113716 + 0?
-24113716
In base 4, what is -10 + -210310030030?
-210310030100
In base 2, what is -10110100110000011000101111 - 1?
-10110100110000011000110000
In base 9, what is -588 - 46456?
-47155
In base 8, what is 524041 - 2475?
521344
In base 14, what is 4b83395 - 0?
4b83395
In base 2, what is 11 - 1000100101011001011?
-1000100101011001000
In base 3, what is -10022221000022011 + -110?
-10022221000022121
In base 5, what is 102114 - 1034?
101030
In base 4, what is -13231102 - 233211?
-20130313
In base 9, what is -426 + 2768207?
2767671
In base 7, what is 6043451 - -13?
6043464
In base 2, what is 11111110001010010110 + -11001001?
11111110000111001101
In base 15, what is -18 + 58b0e1?
58b0c8
In base 15, what is a99 - b662?
-aab8
In base 9, what is -7 + 3350583?
3350575
In base 12, what is b47 + 131983?
13290a
In base 7, what is 5456 - 305234?
-266445
In base 3, what is 210 + 222212021?
222220001
In base 3, what is -11 + -120122010200211?
-120122010200222
In base 11, what is -3498 - 802?
-419a
In base 6, what is 4 - 1351550342?
-1351550334
In base 9, what is -12 + -4376248?
-4376261
In base 3, what is 10110 + -2011020112?
-2011010002
In base 3, what is 1000211110 - -200122012?
1201110122
In base 15, what is 8d6d4ca - 5?
8d6d4c5
In base 3, what is -10211200212102200121 + 0?
-10211200212102200121
In base 10, what is 7115325 + 4?
7115329
In base 13, what is -2 - 259586?
-259588
In base 8, what is -172 - 733760?
-734152
In base 2, what is -10111001111001110000 - -11101110?
-10111001110110000010
In base 14, what is 5 - -b63ddb?
b64002
In base 10, what is 1104 - -210490?
211594
In base 16, what is -c0e1 - -1ff?
-bee2
In base 7, what is 531201 - 253?
530615
In base 5, what is 333233402 - -2?
333233404
In base 14, what is 1527 + -1624?
-db
In base 4, what is 1033202313123 + 11?
1033202313200
In base 8, what is 105126473 + -2?
105126471
In base 8, what is 30651 + 1647?
32520
In base 13, what is -111c786 - 4?
-111c78a
In base 13, what is -59 - -43856?
437ca
In base 8, what is -37033 - -342?
-36471
In base 9, what is -184 - 370185?
-370380
In base 8, what is 340534124 - -4?
340534130
In base 5, what is -23 + 122110344?
122110321
In base 6, what is 202245202 - -22?
202245224
In base 4, what is 131201 + -213323031?
-213131230
In base 5, what is -1334013 + -41113?
-1430131
In base 12, what is 758850b - -4?
7588513
In base 12, what is 36 - -184057?
184091
In base 13, what is -64c93 + -18c?
-65152
In base 5, what is 4401243 - -301?
4402044
In base 3, what is -202012022022 - 211?
-202012100010
In base 2, what is -10010000000110110001 - -101111?
-10010000000110000010
In base 9, what is -815 - -341073?
340157
In base 11, what is -1785a + -360?
-1810a
In base 14, what is -80d4 + -256?
-834a
In base 8, what is -221617 - 2733?
-224552
In base 8, what is 0 - -22344650?
22344650
In base 6, what is 150 + -12332140?
-12331550
In base 2, what is 10100010 + -1010011101110010100101?
-1010011101110000000011
In base 6, what is -1 - 122442203?
-122442204
In base 4, what is -12 + 1031223222322?
1031223222310
In base 16, what is 3 - -2392256?
2392259
In base 13, what is -1460a7453 - 0?
-1460a7453
In base 3, what is 202201021112 - -1120?
202201100002
In base 5, what is 3420 + -3324323?
-3320403
In base 6, what is 2223 - -35004011?
35010234
In base 2, what is 100011101101 - -101001111010?
1001101100111
In base 10, what is 0 - -1577826?
1577826
In base 6, what is 122332 - -4202?
130534
In base 15, what is 3 + 3818eb?
3818ee
In base 10, what is 48 - 32999?
-32951
In base 15, what is 538b7 + -4?
538b3
In base 5, what is -433140134 - 2?
-433140141
In base 16, what is -30be - -11e8?
-1ed6
In base 4, what is 3000 + 20313321?
20322321
In base 11, what is -9 - 47817?
-47825
In base 15, what is -128e - 1073a?
-119c9
In base 10, what is 4 + 2737079?
2737083
In base 10, what is -3953844 + -6?
-3953850
In base 5, what is -1403 + -1240410?
-1242313
In base 15, what is 30b0cc + 1?
30b0cd
In base 5, what is 4241102011 - -10?
4241102021
In base 10, what is -1 + 11044827?
11044826
In base 9, what is 42850607 - -3?
42850611
In base 16, what is 4f14f + -15?
4f13a
In base 9, what is 12075010 - 35?
12074864
In base 11, what is -a87952 + 14?
-a87939
In base 15, what is -17 - 3155b9?
-3155d1
In base 5, what is -10132403 + 31022?
-10101331
In base 13, what is -28a + -644?
-901
In base 4, what is 1231003003112 - -21?
1231003003133
In base 10, what is -81628 + 943?
-80685
In base 3, what is 2 + 122122201200101?
122122201200110
In base 3, what is -12121210112101202 + 0?
-12121210112101202
In base 9, what is 60 - -337431?
337501
In base 7, what